{"id":9724,"date":"2016-05-05T10:54:39","date_gmt":"2016-05-05T10:54:39","guid":{"rendered":"http:\/\/firefly.evatheme.com\/demo3\/?page_id=9724"},"modified":"2026-02-05T15:44:06","modified_gmt":"2026-02-05T20:44:06","slug":"realisations","status":"publish","type":"page","link":"https:\/\/dba-qc.com\/website\/realisations\/","title":{"rendered":"R\u00e9alisations"},"content":{"rendered":"\t\t<div data-elementor-type=\"wp-page\" data-elementor-id=\"9724\" class=\"elementor elementor-9724\" data-elementor-post-type=\"page\">\n\t\t\t\t\t\t<section class=\"elementor-section elementor-top-section elementor-element elementor-element-0833b10 elementor-section-boxed elementor-section-height-default elementor-section-height-default\" data-id=\"0833b10\" data-element_type=\"section\" data-e-type=\"section\">\n\t\t\t\t\t\t<div class=\"elementor-container elementor-column-gap-default\">\n\t\t\t\t\t<div class=\"elementor-column elementor-col-100 elementor-top-column elementor-element elementor-element-283f42c\" data-id=\"283f42c\" data-element_type=\"column\" data-e-type=\"column\">\n\t\t\t<div class=\"elementor-widget-wrap elementor-element-populated\">\n\t\t\t\t\t\t<div class=\"elementor-element elementor-element-b8625a1 elementor-widget elementor-widget-heading\" data-id=\"b8625a1\" data-element_type=\"widget\" data-e-type=\"widget\" data-widget_type=\"heading.default\">\n\t\t\t\t<div class=\"elementor-widget-container\">\n\t\t\t\t\t<h2 class=\"elementor-heading-title elementor-size-default\">R\u00e9alisations<\/h2>\t\t\t\t<\/div>\n\t\t\t\t<\/div>\n\t\t\t\t<div class=\"elementor-element elementor-element-f9f855b elementor-grid-2 elementor-grid-tablet-2 elementor-grid-mobile-1 elementor-widget elementor-widget-portfolio\" data-id=\"f9f855b\" data-element_type=\"widget\" data-e-type=\"widget\" data-settings=\"{&quot;columns&quot;:&quot;2&quot;,&quot;row_gap&quot;:{&quot;unit&quot;:&quot;px&quot;,&quot;size&quot;:30,&quot;sizes&quot;:[]},&quot;columns_tablet&quot;:&quot;2&quot;,&quot;columns_mobile&quot;:&quot;1&quot;,&quot;item_ratio&quot;:{&quot;unit&quot;:&quot;px&quot;,&quot;size&quot;:0.66000000000000003108624468950438313186168670654296875,&quot;sizes&quot;:[]},&quot;item_gap&quot;:{&quot;unit&quot;:&quot;px&quot;,&quot;size&quot;:&quot;&quot;,&quot;sizes&quot;:[]}}\" data-widget_type=\"portfolio.default\">\n\t\t\t\t<div class=\"elementor-widget-container\">\n\t\t\t\t\t\t\t<div class=\"elementor-portfolio elementor-grid elementor-posts-container\" role=\"list\">\n\t\t\t\t<article class=\"elementor-portfolio-item elementor-post  post-10680 portfolio type-portfolio status-publish has-post-thumbnail\" role=\"listitem\">\n\t\t\t<a class=\"elementor-post__thumbnail__link\" href=\"https:\/\/dba-qc.com\/website\/?p=10680\">\n\t\t\t\t<div class=\"elementor-portfolio-item__img elementor-post__thumbnail\">\n\t\t\t<img alt=\"\" fetchpriority=\"high\" decoding=\"async\" width=\"300\" height=\"169\" src=\"https:\/\/dba-qc.com\/website\/wp-content\/uploads\/2021\/11\/Ecole_Ulric-Debien-3-300x169.jpg\" class=\"attachment-medium size-medium wp-image-10683\" alt=\"\" srcset=\"https:\/\/dba-qc.com\/website\/wp-content\/uploads\/2021\/11\/Ecole_Ulric-Debien-3-300x169.jpg 300w, https:\/\/dba-qc.com\/website\/wp-content\/uploads\/2021\/11\/Ecole_Ulric-Debien-3-768x432.jpg 768w, https:\/\/dba-qc.com\/website\/wp-content\/uploads\/2021\/11\/Ecole_Ulric-Debien-3.jpg 960w\" sizes=\"(max-width: 300px) 100vw, 300px\" \/>\t\t<\/div>\n\t\t\t\t<div class=\"elementor-portfolio-item__overlay\">\n\t\t\t\t<h3 class=\"elementor-portfolio-item__title\">\n\t\tAgrandissement et r\u00e9fection de l\u2019\u00e9cole primaire Ulric-Debien\t\t<\/h3>\n\t\t\t\t<\/div>\n\t\t\t\t<\/a>\n\t\t<\/article>\n\t\t\t\t<article class=\"elementor-portfolio-item elementor-post  post-10636 portfolio type-portfolio status-publish has-post-thumbnail\" role=\"listitem\">\n\t\t\t<a class=\"elementor-post__thumbnail__link\" href=\"https:\/\/dba-qc.com\/website\/?p=10636\">\n\t\t\t\t<div class=\"elementor-portfolio-item__img elementor-post__thumbnail\">\n\t\t\t<img alt=\"\" decoding=\"async\" width=\"300\" height=\"155\" src=\"https:\/\/dba-qc.com\/website\/wp-content\/uploads\/2021\/10\/Ecole_St-Martin-01-300x155.jpg\" class=\"attachment-medium size-medium wp-image-10637\" alt=\"\" srcset=\"https:\/\/dba-qc.com\/website\/wp-content\/uploads\/2021\/10\/Ecole_St-Martin-01-300x155.jpg 300w, https:\/\/dba-qc.com\/website\/wp-content\/uploads\/2021\/10\/Ecole_St-Martin-01-1024x530.jpg 1024w, https:\/\/dba-qc.com\/website\/wp-content\/uploads\/2021\/10\/Ecole_St-Martin-01-768x397.jpg 768w, https:\/\/dba-qc.com\/website\/wp-content\/uploads\/2021\/10\/Ecole_St-Martin-01.jpg 1280w\" sizes=\"(max-width: 300px) 100vw, 300px\" \/>\t\t<\/div>\n\t\t\t\t<div class=\"elementor-portfolio-item__overlay\">\n\t\t\t\t<h3 class=\"elementor-portfolio-item__title\">\n\t\t\u00c9cole Saint-Martin\t\t<\/h3>\n\t\t\t\t<\/div>\n\t\t\t\t<\/a>\n\t\t<\/article>\n\t\t\t\t<article class=\"elementor-portfolio-item elementor-post  post-10593 portfolio type-portfolio status-publish has-post-thumbnail\" role=\"listitem\">\n\t\t\t<a class=\"elementor-post__thumbnail__link\" href=\"https:\/\/dba-qc.com\/website\/?p=10593\">\n\t\t\t\t<div class=\"elementor-portfolio-item__img elementor-post__thumbnail\">\n\t\t\t<img alt=\"\" decoding=\"async\" width=\"300\" height=\"155\" src=\"https:\/\/dba-qc.com\/website\/wp-content\/uploads\/2021\/04\/Photo-115-Alexandre-300x155.jpg\" class=\"attachment-medium size-medium wp-image-10643\" alt=\"\" srcset=\"https:\/\/dba-qc.com\/website\/wp-content\/uploads\/2021\/04\/Photo-115-Alexandre-300x155.jpg 300w, https:\/\/dba-qc.com\/website\/wp-content\/uploads\/2021\/04\/Photo-115-Alexandre-1024x530.jpg 1024w, https:\/\/dba-qc.com\/website\/wp-content\/uploads\/2021\/04\/Photo-115-Alexandre-768x397.jpg 768w, https:\/\/dba-qc.com\/website\/wp-content\/uploads\/2021\/04\/Photo-115-Alexandre.jpg 1280w\" sizes=\"(max-width: 300px) 100vw, 300px\" \/>\t\t<\/div>\n\t\t\t\t<div class=\"elementor-portfolio-item__overlay\">\n\t\t\t\t<h3 class=\"elementor-portfolio-item__title\">\n\t\tAgrandissement et r\u00e9fection majeure de l\u2019\u00e9cole primaire 115 Alexandre\t\t<\/h3>\n\t\t\t\t<\/div>\n\t\t\t\t<\/a>\n\t\t<\/article>\n\t\t\t\t<article class=\"elementor-portfolio-item elementor-post  post-9896 portfolio type-portfolio status-publish has-post-thumbnail\" role=\"listitem\">\n\t\t\t<a class=\"elementor-post__thumbnail__link\" href=\"https:\/\/dba-qc.com\/website\/?p=9896\">\n\t\t\t\t<div class=\"elementor-portfolio-item__img elementor-post__thumbnail\">\n\t\t\t<img loading=\"lazy\" decoding=\"async\" width=\"300\" height=\"176\" src=\"https:\/\/dba-qc.com\/website\/wp-content\/uploads\/2016\/05\/Valmont-sur-Parc_01web-300x176.jpg\" class=\"attachment-medium size-medium wp-image-10341\" alt=\"\u00c9cole primaire Valmont-sur-Parc \u00e0 Repentigny\" srcset=\"https:\/\/dba-qc.com\/website\/wp-content\/uploads\/2016\/05\/Valmont-sur-Parc_01web-300x176.jpg 300w, https:\/\/dba-qc.com\/website\/wp-content\/uploads\/2016\/05\/Valmont-sur-Parc_01web-1024x602.jpg 1024w, https:\/\/dba-qc.com\/website\/wp-content\/uploads\/2016\/05\/Valmont-sur-Parc_01web-768x452.jpg 768w, https:\/\/dba-qc.com\/website\/wp-content\/uploads\/2016\/05\/Valmont-sur-Parc_01web.jpg 1360w\" sizes=\"(max-width: 300px) 100vw, 300px\" \/>\t\t<\/div>\n\t\t\t\t<div class=\"elementor-portfolio-item__overlay\">\n\t\t\t\t<h3 class=\"elementor-portfolio-item__title\">\n\t\tConstruction d\u2019une \u00e9cole primaire Valmont-sur-Parc\t\t<\/h3>\n\t\t\t\t<\/div>\n\t\t\t\t<\/a>\n\t\t<\/article>\n\t\t\t\t<article class=\"elementor-portfolio-item elementor-post  post-9894 portfolio type-portfolio status-publish has-post-thumbnail\" role=\"listitem\">\n\t\t\t<a class=\"elementor-post__thumbnail__link\" href=\"https:\/\/dba-qc.com\/website\/?p=9894\">\n\t\t\t\t<div class=\"elementor-portfolio-item__img elementor-post__thumbnail\">\n\t\t\t<img loading=\"lazy\" decoding=\"async\" width=\"300\" height=\"192\" src=\"https:\/\/dba-qc.com\/website\/wp-content\/uploads\/2016\/05\/Seigneurie_03a-300x192.jpg\" class=\"attachment-medium size-medium wp-image-10342\" alt=\"\u00c9cole primaire La Seigneurie \u00e0 Mascouche\" srcset=\"https:\/\/dba-qc.com\/website\/wp-content\/uploads\/2016\/05\/Seigneurie_03a-300x192.jpg 300w, https:\/\/dba-qc.com\/website\/wp-content\/uploads\/2016\/05\/Seigneurie_03a-1024x654.jpg 1024w, https:\/\/dba-qc.com\/website\/wp-content\/uploads\/2016\/05\/Seigneurie_03a-768x490.jpg 768w, https:\/\/dba-qc.com\/website\/wp-content\/uploads\/2016\/05\/Seigneurie_03a.jpg 1253w\" sizes=\"(max-width: 300px) 100vw, 300px\" \/>\t\t<\/div>\n\t\t\t\t<div class=\"elementor-portfolio-item__overlay\">\n\t\t\t\t<h3 class=\"elementor-portfolio-item__title\">\n\t\t\u00c9cole primaire La Seigneurie \u00e0 Mascouche\t\t<\/h3>\n\t\t\t\t<\/div>\n\t\t\t\t<\/a>\n\t\t<\/article>\n\t\t\t\t<article class=\"elementor-portfolio-item elementor-post  post-9890 portfolio type-portfolio status-publish has-post-thumbnail\" role=\"listitem\">\n\t\t\t<a class=\"elementor-post__thumbnail__link\" href=\"https:\/\/dba-qc.com\/website\/?p=9890\">\n\t\t\t\t<div class=\"elementor-portfolio-item__img elementor-post__thumbnail\">\n\t\t\t<img loading=\"lazy\" decoding=\"async\" width=\"300\" height=\"193\" src=\"https:\/\/dba-qc.com\/website\/wp-content\/uploads\/2016\/05\/Du-Boise_IMG_2789-300x193.jpg\" class=\"attachment-medium size-medium wp-image-10348\" alt=\"Agrandissement de l&#039;\u00e9cole du Bois\u00e9 \u00e0 Terrebonne\" srcset=\"https:\/\/dba-qc.com\/website\/wp-content\/uploads\/2016\/05\/Du-Boise_IMG_2789-300x193.jpg 300w, https:\/\/dba-qc.com\/website\/wp-content\/uploads\/2016\/05\/Du-Boise_IMG_2789-1024x659.jpg 1024w, https:\/\/dba-qc.com\/website\/wp-content\/uploads\/2016\/05\/Du-Boise_IMG_2789-768x494.jpg 768w, https:\/\/dba-qc.com\/website\/wp-content\/uploads\/2016\/05\/Du-Boise_IMG_2789.jpg 1243w\" sizes=\"(max-width: 300px) 100vw, 300px\" \/>\t\t<\/div>\n\t\t\t\t<div class=\"elementor-portfolio-item__overlay\">\n\t\t\t\t<h3 class=\"elementor-portfolio-item__title\">\n\t\t\u00c9cole du Bois\u00e9 \u00e0 Terrebonne\t\t<\/h3>\n\t\t\t\t<\/div>\n\t\t\t\t<\/a>\n\t\t<\/article>\n\t\t\t\t<\/div>\n\t\t\t\t\t\t<\/div>\n\t\t\t\t<\/div>\n\t\t\t\t\t<\/div>\n\t\t<\/div>\n\t\t\t\t\t<\/div>\n\t\t<\/section>\n\t\t\t\t<section class=\"elementor-section elementor-top-section elementor-element elementor-element-60cd087c elementor-section-content-middle elementor-section-boxed elementor-section-height-default elementor-section-height-default\" data-id=\"60cd087c\" data-element_type=\"section\" data-e-type=\"section\">\n\t\t\t\t\t\t<div class=\"elementor-container elementor-column-gap-no\">\n\t\t\t\t\t<div class=\"elementor-column elementor-col-100 elementor-top-column elementor-element elementor-element-6248600c\" data-id=\"6248600c\" data-element_type=\"column\" data-e-type=\"column\">\n\t\t\t<div class=\"elementor-widget-wrap elementor-element-populated\">\n\t\t\t\t\t\t<section class=\"elementor-section elementor-inner-section elementor-element elementor-element-18d25932 elementor-section-content-middle elementor-section-boxed elementor-section-height-default elementor-section-height-default\" data-id=\"18d25932\" data-element_type=\"section\" data-e-type=\"section\">\n\t\t\t\t\t\t<div class=\"elementor-container elementor-column-gap-no\">\n\t\t\t\t\t<div class=\"elementor-column elementor-col-100 elementor-inner-column elementor-element elementor-element-2ae5dce7\" data-id=\"2ae5dce7\" data-element_type=\"column\" data-e-type=\"column\">\n\t\t\t<div class=\"elementor-widget-wrap elementor-element-populated\">\n\t\t\t\t\t\t<div class=\"elementor-element elementor-element-ec633d7 elementor-skin-carousel elementor-pagination-type-bullets elementor-pagination-position-outside elementor-widget elementor-widget-media-carousel\" data-id=\"ec633d7\" data-element_type=\"widget\" data-e-type=\"widget\" data-settings=\"{&quot;slides_per_view&quot;:&quot;3&quot;,&quot;space_between&quot;:{&quot;unit&quot;:&quot;px&quot;,&quot;size&quot;:0,&quot;sizes&quot;:[]},&quot;lazyload&quot;:&quot;yes&quot;,&quot;slides_per_view_mobile&quot;:&quot;1&quot;,&quot;skin&quot;:&quot;carousel&quot;,&quot;effect&quot;:&quot;slide&quot;,&quot;pagination&quot;:&quot;bullets&quot;,&quot;speed&quot;:500,&quot;autoplay&quot;:&quot;yes&quot;,&quot;autoplay_speed&quot;:5000,&quot;loop&quot;:&quot;yes&quot;,&quot;pause_on_hover&quot;:&quot;yes&quot;,&quot;pause_on_interaction&quot;:&quot;yes&quot;,&quot;space_between_tablet&quot;:{&quot;unit&quot;:&quot;px&quot;,&quot;size&quot;:10,&quot;sizes&quot;:[]},&quot;space_between_mobile&quot;:{&quot;unit&quot;:&quot;px&quot;,&quot;size&quot;:10,&quot;sizes&quot;:[]}}\" data-widget_type=\"media-carousel.default\">\n\t\t\t\t<div class=\"elementor-widget-container\">\n\t\t\t\t\t\t\t\t\t<div class=\"elementor-swiper\">\n\t\t\t\t\t<div class=\"elementor-main-swiper swiper\" role=\"region\" aria-roledescription=\"carousel\" aria-label=\"Diapositives\">\n\t\t\t\t<div class=\"swiper-wrapper\">\n\t\t\t\t\t\t\t\t\t\t\t<div class=\"swiper-slide\" role=\"group\" aria-roledescription=\"slide\">\n\t\t\t\t\t\t\t\t\t<div class=\"elementor-carousel-image swiper-lazy\" role=\"img\" aria-label=\"CSSS-Nord-de-Lanaudi\u00e8re\" data-background=\"https:\/\/dba-qc.com\/website\/wp-content\/uploads\/2021\/03\/CSSS-Nord-de-Lanaudiere.jpg\">\n\n\t\t\t\t\t\t\t<div class=\"swiper-lazy-preloader\"><\/div>\n\t\t\t\n\t\t\t\t\t<\/div>\n\t\t\t\t\t\t\t\t<\/div>\n\t\t\t\t\t\t\t\t\t\t\t<div class=\"swiper-slide\" role=\"group\" aria-roledescription=\"slide\">\n\t\t\t\t\t\t\t\t\t<div class=\"elementor-carousel-image swiper-lazy\" role=\"img\" aria-label=\"CSS-PointDile\" data-background=\"https:\/\/dba-qc.com\/website\/wp-content\/uploads\/2021\/03\/CSS-PointDile.jpg\">\n\n\t\t\t\t\t\t\t<div class=\"swiper-lazy-preloader\"><\/div>\n\t\t\t\n\t\t\t\t\t<\/div>\n\t\t\t\t\t\t\t\t<\/div>\n\t\t\t\t\t\t\t\t\t\t\t<div class=\"swiper-slide\" role=\"group\" aria-roledescription=\"slide\">\n\t\t\t\t\t\t\t\t\t<div class=\"elementor-carousel-image swiper-lazy\" role=\"img\" aria-label=\"CSS-Montreal\" data-background=\"https:\/\/dba-qc.com\/website\/wp-content\/uploads\/2021\/03\/CSS-Montreal.jpg\">\n\n\t\t\t\t\t\t\t<div class=\"swiper-lazy-preloader\"><\/div>\n\t\t\t\n\t\t\t\t\t<\/div>\n\t\t\t\t\t\t\t\t<\/div>\n\t\t\t\t\t\t\t\t\t\t\t<div class=\"swiper-slide\" role=\"group\" aria-roledescription=\"slide\">\n\t\t\t\t\t\t\t\t\t<div class=\"elementor-carousel-image swiper-lazy\" role=\"img\" aria-label=\"CSS-Margarite-Bourgeoys\" data-background=\"https:\/\/dba-qc.com\/website\/wp-content\/uploads\/2021\/03\/CSS-Margarite-Bourgeoys.jpg\">\n\n\t\t\t\t\t\t\t<div class=\"swiper-lazy-preloader\"><\/div>\n\t\t\t\n\t\t\t\t\t<\/div>\n\t\t\t\t\t\t\t\t<\/div>\n\t\t\t\t\t\t\t\t\t\t\t<div class=\"swiper-slide\" role=\"group\" aria-roledescription=\"slide\">\n\t\t\t\t\t\t\t\t\t<div class=\"elementor-carousel-image swiper-lazy\" role=\"img\" aria-label=\"CSS-DesAffluents\" data-background=\"https:\/\/dba-qc.com\/website\/wp-content\/uploads\/2021\/03\/CSS-DesAffluents.jpg\">\n\n\t\t\t\t\t\t\t<div class=\"swiper-lazy-preloader\"><\/div>\n\t\t\t\n\t\t\t\t\t<\/div>\n\t\t\t\t\t\t\t\t<\/div>\n\t\t\t\t\t\t\t\t\t\t\t<div class=\"swiper-slide\" role=\"group\" aria-roledescription=\"slide\">\n\t\t\t\t\t\t\t\t\t<div class=\"elementor-carousel-image swiper-lazy\" role=\"img\" aria-label=\"CollegeST-Sacrement\" data-background=\"https:\/\/dba-qc.com\/website\/wp-content\/uploads\/2021\/03\/CollegeST-Sacrement.jpg\">\n\n\t\t\t\t\t\t\t<div class=\"swiper-lazy-preloader\"><\/div>\n\t\t\t\n\t\t\t\t\t<\/div>\n\t\t\t\t\t\t\t\t<\/div>\n\t\t\t\t\t\t\t\t\t<\/div>\n\t\t\t\t\t\t\t\t\t\t\t\t\t\t\t\t\t\t\t\t<div class=\"swiper-pagination\"><\/div>\n\t\t\t\t\t\t\t\t\t\t\t\t<\/div>\n\t\t\t\t<\/div>\n\t\t\t\t\t\t\t\t<\/div>\n\t\t\t\t<\/div>\n\t\t\t\t\t<\/div>\n\t\t<\/div>\n\t\t\t\t\t<\/div>\n\t\t<\/section>\n\t\t\t\t\t<\/div>\n\t\t<\/div>\n\t\t\t\t\t<\/div>\n\t\t<\/section>\n\t\t\t\t<section class=\"elementor-section elementor-top-section elementor-element elementor-element-34034911 elementor-section-height-min-height elementor-section-stretched elementor-section-boxed elementor-section-height-default elementor-section-items-middle\" data-id=\"34034911\" data-element_type=\"section\" data-e-type=\"section\" data-settings=\"{&quot;stretch_section&quot;:&quot;section-stretched&quot;,&quot;background_background&quot;:&quot;slideshow&quot;,&quot;background_slideshow_gallery&quot;:[{&quot;id&quot;:10263,&quot;url&quot;:&quot;https:\\\/\\\/dba-qc.com\\\/website\\\/wp-content\\\/uploads\\\/2020\\\/11\\\/P1010028-e1604954322679.jpg&quot;}],&quot;background_slideshow_loop&quot;:&quot;yes&quot;,&quot;background_slideshow_slide_duration&quot;:5000,&quot;background_slideshow_slide_transition&quot;:&quot;fade&quot;,&quot;background_slideshow_transition_duration&quot;:500}\">\n\t\t\t\t\t\t<div class=\"elementor-container elementor-column-gap-default\">\n\t\t\t\t\t<div class=\"elementor-column elementor-col-100 elementor-top-column elementor-element elementor-element-16717c5a\" data-id=\"16717c5a\" data-element_type=\"column\" data-e-type=\"column\">\n\t\t\t<div class=\"elementor-widget-wrap elementor-element-populated\">\n\t\t\t\t\t\t<section class=\"elementor-section elementor-inner-section elementor-element elementor-element-44bd7f03 elementor-section-boxed elementor-section-height-default elementor-section-height-default\" data-id=\"44bd7f03\" data-element_type=\"section\" data-e-type=\"section\">\n\t\t\t\t\t\t<div class=\"elementor-container elementor-column-gap-default\">\n\t\t\t\t\t<div class=\"elementor-column elementor-col-50 elementor-inner-column elementor-element elementor-element-1f1612ff\" data-id=\"1f1612ff\" data-element_type=\"column\" data-e-type=\"column\">\n\t\t\t<div class=\"elementor-widget-wrap elementor-element-populated\">\n\t\t\t\t\t\t<div class=\"elementor-element elementor-element-29ec45e3 elementor-widget elementor-widget-heading\" data-id=\"29ec45e3\" data-element_type=\"widget\" data-e-type=\"widget\" data-widget_type=\"heading.default\">\n\t\t\t\t<div class=\"elementor-widget-container\">\n\t\t\t\t\t<h2 class=\"elementor-heading-title elementor-size-default\">Vous avez un projet ?<\/h2>\t\t\t\t<\/div>\n\t\t\t\t<\/div>\n\t\t\t\t<div class=\"elementor-element elementor-element-7e5b838e elementor-widget elementor-widget-text-editor\" data-id=\"7e5b838e\" data-element_type=\"widget\" data-e-type=\"widget\" data-widget_type=\"text-editor.default\">\n\t\t\t\t<div class=\"elementor-widget-container\">\n\t\t\t\t\t\t\t\t\t<p>Faites appel \u00e0 notre expertise<\/p>\t\t\t\t\t\t\t\t<\/div>\n\t\t\t\t<\/div>\n\t\t\t\t<div class=\"elementor-element elementor-element-2c2ec5f0 elementor-align-left elementor-widget elementor-widget-button\" data-id=\"2c2ec5f0\" data-element_type=\"widget\" data-e-type=\"widget\" data-widget_type=\"button.default\">\n\t\t\t\t<div class=\"elementor-widget-container\">\n\t\t\t\t\t\t\t\t\t<div class=\"elementor-button-wrapper\">\n\t\t\t\t\t<a class=\"elementor-button elementor-button-link elementor-size-sm elementor-animation-grow\" href=\"https:\/\/dba-qc.com\/website\/nous-joindre\/\">\n\t\t\t\t\t\t<span class=\"elementor-button-content-wrapper\">\n\t\t\t\t\t\t\t\t\t<span class=\"elementor-button-text\">Nous Joindre<\/span>\n\t\t\t\t\t<\/span>\n\t\t\t\t\t<\/a>\n\t\t\t\t<\/div>\n\t\t\t\t\t\t\t\t<\/div>\n\t\t\t\t<\/div>\n\t\t\t\t\t<\/div>\n\t\t<\/div>\n\t\t\t\t<div class=\"elementor-column elementor-col-50 elementor-inner-column elementor-element elementor-element-31d5c38c\" data-id=\"31d5c38c\" data-element_type=\"column\" data-e-type=\"column\">\n\t\t\t<div class=\"elementor-widget-wrap\">\n\t\t\t\t\t\t\t<\/div>\n\t\t<\/div>\n\t\t\t\t\t<\/div>\n\t\t<\/section>\n\t\t\t\t\t<\/div>\n\t\t<\/div>\n\t\t\t\t\t<\/div>\n\t\t<\/section>\n\t\t\t\t<\/div>\n\t\t","protected":false},"excerpt":{"rendered":"<p>R\u00e9alisations Vous avez un projet ? Faites appel \u00e0 notre expertise Nous Joindre<\/p>\n","protected":false},"author":1,"featured_media":0,"parent":0,"menu_order":0,"comment_status":"closed","ping_status":"closed","template":"","meta":{"_seopress_robots_primary_cat":"","_seopress_titles_title":"R\u00e9alisations de projets en ing\u00e9nierie \u2013 DBA Experts-Conseils","_seopress_titles_desc":"D\u00e9couvrez nos r\u00e9alisations en ing\u00e9nierie : \u00e9coles, b\u00e2timents publics, infrastructures et mandats sp\u00e9cialis\u00e9s d\u00e9montrant notre savoir-faire technique.","_seopress_robots_index":"","footnotes":""},"class_list":["post-9724","page","type-page","status-publish"],"_links":{"self":[{"href":"https:\/\/dba-qc.com\/website\/wp-json\/wp\/v2\/pages\/9724","targetHints":{"allow":["GET"]}}],"collection":[{"href":"https:\/\/dba-qc.com\/website\/wp-json\/wp\/v2\/pages"}],"about":[{"href":"https:\/\/dba-qc.com\/website\/wp-json\/wp\/v2\/types\/page"}],"author":[{"embeddable":true,"href":"https:\/\/dba-qc.com\/website\/wp-json\/wp\/v2\/users\/1"}],"replies":[{"embeddable":true,"href":"https:\/\/dba-qc.com\/website\/wp-json\/wp\/v2\/comments?post=9724"}],"version-history":[{"count":31,"href":"https:\/\/dba-qc.com\/website\/wp-json\/wp\/v2\/pages\/9724\/revisions"}],"predecessor-version":[{"id":11215,"href":"https:\/\/dba-qc.com\/website\/wp-json\/wp\/v2\/pages\/9724\/revisions\/11215"}],"wp:attachment":[{"href":"https:\/\/dba-qc.com\/website\/wp-json\/wp\/v2\/media?parent=9724"}],"curies":[{"name":"wp","href":"https:\/\/api.w.org\/{rel}","templated":true}]}}